68 and 378349.
67
Calculate the greatest common factor of 11010 and 300.
30
What is the greatest common divisor of 3827 and 602?
43
What is the highest common divisor of 55100 and 152?
76
What is the greatest common divisor of 46680 and 56?
8
What is the highest common factor of 930 and 750?
30
What is the highest common factor of 45639 and 264?
33
Calculate the greatest common divisor of 393946 and 19.
19
What is the greatest common factor of 1205985 and 330?
165
Calculate the greatest common divisor of 52176 and 144.
48
What is the highest common divisor of 27 and 49221?
27
What is the greatest common factor of 1290010 and 20?
10
Calculate the highest common factor of 114151 and 2743.
211
Calculate the greatest common factor of 87 and 1258542.
87
What is the highest common factor of 960 and 2280?
120
What is the highest common divisor of 1856 and 5452?
116
What is the highest common divisor of 126 and 348159?
21
Calculate the highest common factor of 205 and 29397.
41
What is the greatest common factor of 452 and 32?
4
What is the greatest common factor of 33 and 866910?
33
Calculate the highest common divisor of 3104 and 2592.
32
What is the greatest common factor of 328 and 2003588?
164
What is the highest common divisor of 289656 and 18?
18
Calculate the highest common factor of 196 and 1261582.
14
What is the highest common divisor of 245 and 398223?
49
What is the highest common divisor of 63 and 20307?
21
What is the highest common factor of 109582 and 48931?
293
What is the greatest common divisor of 1374 and 4734?
6
Calculate the highest common factor of 61743 and 891.
33
What is the highest common factor of 1624 and 29928?
232
Calculate the greatest common factor of 1577448 and 268.
268
Calculate the greatest common divisor of 41466 and 24.
6
Calculate the highest common divisor of 117 and 955851.
39
Calculate the highest common divisor of 215 and 117605.
215
What is the highest common divisor of 4 and 34?
2
What is the greatest common divisor of 270 and 19350?
90
What is the highest common factor of 720 and 62?
2
What is the highest common divisor of 1529065 and 255?
85
Calculate the greatest common divisor of 594 and 5034744.
594
Calculate the highest common factor of 8646 and 2442.
66
Calculate the highest common factor of 15499 and 198.
11
Calculate the highest common divisor of 140 and 22561.
7
What is the greatest common divisor of 33 and 245608?
11
Calculate the greatest common factor of 17204 and 174386.
782
What is the greatest common divisor of 3257880 and 68?
68
Calculate the greatest common factor of 194 and 24272698.
194
Calculate the greatest common factor of 2737 and 51289.
119
What is the highest common divisor of 16203 and 1939941?
1473
What is the greatest common factor of 126 and 65478?
42
Calculate the highest common divisor of 3678041 and 1537.
1537
Calculate the highest common factor of 2560 and 20580.
20
What is the highest common factor of 818 and 101?
1
What is the highest common divisor of 54448 and 15744?
656
Calculate the highest common factor of 5373350 and 150.
50
What is the greatest common divisor of 333 and 154179?
333
What is the highest common divisor of 9658324 and 52?
52
Calculate the greatest common divisor of 1880 and 2527660.
940
Calculate the highest common factor of 2158 and 130.
26
Calculate the greatest common divisor of 920 and 16740.
20
What is the greatest common factor of 90 and 21915?
45
Calculate the highest common divisor of 28158 and 11324.
38
Calculate the highest common factor of 184 and 2200.
8
What is the greatest common factor of 12 and 2601096?
12
What is the highest common divisor of 2191 and 147?
7
What is the highest common factor of 1425 and 18639?
57
What is the greatest common divisor of 52173 and 22661?
527
What is the greatest common factor of 6486 and 966?
138
Calculate the highest common divisor of 1632 and 20928.
96
Calculate the highest common factor of 132200 and 1000.
200
What is the greatest common divisor of 154845 and 4625?
185
Calculate the greatest common divisor of 765 and 297330.
255
Calculate the greatest common factor of 273 and 69069.
273
Calculate the greatest common factor of 97760 and 1560.
520
Calculate the highest common factor of 206541 and 433.
433
Calculate the highest common factor of 2009 and 15908.
41
Calculate the highest common factor of 171680 and 259.
37
What is the highest common factor of 5395 and 12035?
415
What is the highest common divisor of 174681 and 2106?
117
Calculate the greatest common divisor of 61864 and 352.
88
Calculate the greatest common factor of 2 and 25873.
1
What is the highest common divisor of 99 and 98428?
11
What is the greatest common factor of 1044 and 551232?
1044
What is the highest common factor of 555 and 515595?
555
What is the greatest common divisor of 2800 and 595?
35
What is the highest common factor of 1982100 and 36?
12
What is the highest common factor of 48475 and 11445?
35
What is the highest common divisor of 20303 and 4369?
257
Calculate the greatest common factor of 16778 and 3.
1
What is the greatest common factor of 417223 and 29?
29
What is the greatest common factor of 4 and 1148818?
2
Calculate the highest common divisor of 54 and 28134.
54
Calculate the highest common divisor of 2052 and 11001.
57
Calculate the highest common factor of 300157 and 22.
11
Calculate the greatest common factor of 36 and 41.
1
Calculate the highest common divisor of 8426 and 462.
22
What is the highest common factor of 22579 and 225116?
337
Calculate the highest common divisor of 5138 and 188638.
734
Calculate the highest common divisor of 1289113 and 427.
427
Calculate the greatest common divisor of 49536 and 44064.
288
What is the highest common divisor of 22 and 35582?
2
What is the highest common factor of 81 and 6794820?
27
Calculate the highest common factor of 2002 and 163240.
154
Calculate the highest common divisor of 61714 and 531.
59
What is the greatest common divisor of 39 and 349453?
13
What is the greatest common factor of 370 and 11904010?
370
Calculate the greatest common factor of 19955 and 4.
1
What is the highest common factor of 197 and 26989?
197
Calculate the greatest common divisor of 148820 and 280.
140
What is the greatest common factor of 158 and 2467723?
79
What is the greatest common divisor of 75 and 12270?
15
What is the greatest common factor of 117300 and 3060?
1020
Calculate the greatest common factor of 483 and 1029.
21
What is the highest common divisor of 382415 and 170?
85
What is the greatest common divisor of 30 and 6162290?
10
Calculate the highest common factor of 111452 and 1309.
187
What is the greatest common factor of 50 and 273775?
25
What is the highest common factor of 1545901 and 4459?
343
What is the highest common factor of 1338 and 6990381?
669
What is the greatest common divisor of 475459 and 298?
149
Calculate the greatest common factor of 256 and 148.
4
What is the greatest common factor of 255852 and 108?
108
Calculate the highest common factor of 102786 and 1369.
37
Calculate the greatest common factor of 194 and 222906.
194
What is the highest common divisor of 13937 and 63?
7
Calculate the highest common divisor of 50997 and 22347.
573
Calculate the greatest common factor of 1006885 and 55.
55
What is the greatest common factor of 8 and 194248?
8
Calculate the greatest common factor of 34731 and 459.
153
What is the greatest common divisor of 114598 and 110?
22
Calculate the greatest common divisor of 401470 and 380.
190
What is the highest common divisor of 486 and 144099?
243
Calculate the greatest common divisor of 12 and 30856.
4
What is the greatest common factor of 158938 and 26?
26
Calculate the greatest common divisor of 8398459 and 731.
731
What is the highest common divisor of 353860 and 2?
2
What is the highest common divisor of 563 and 10045609?
563
What is the greatest common factor of 7520 and 3948?
188
What is the highest common divisor of 546 and 99762?
78
What is the highest common factor of 1456 and 2192?
16
Calculate the greatest common factor of 4950 and 814.
22
Calculate the highest common factor of 17951 and 319.
29
What is the highest common divisor of 980 and 1420?
20
What is the greatest common divisor of 117669 and 671?